 - 131) + -189?
-62
What is the value of 47 - 27 - 34 - 65?
-79
What is -1 + -16 - (-28 + 27 + 22 + -19)?
-19
Evaluate 22 + (-12 - (-13 - (-18 + -1 + 128))).
132
Calculate 14 + 45 + -92 - -45.
12
Calculate (-1 - -11) + (-3 - (-53 - -3 - (-150 + 152))).
59
What is (3 - -13) + -8 - (15 + -37 - -33)?
-3
12 + 1 - (51 - 93) - 4
51
27 + -29 - -19 - -31
48
What is 39 - -14 - (-28 - -29)?
52
-1 + 6 + (15 - 34) - (-78 - -5)
59
What is 476 + -551 - (-31 + (-3 - -3))?
-44
Evaluate 32 + (-10 - (17 - 0)) + 59.
64
Calculate (-127 - -183 - (1 + -16)) + -5 + -4.
62
What is 3 + 33 + -5 + (-1 + 2 - (-1 - -6))?
27
Calculate (-3 + (-6 - -13) - -2) + -4 + -6.
-4
17 - (1 + -10 + -2553 + 2636)
-57
What is -46 + (6 - 18) - (1 + 45)?
-104
What is 4 - 1 - (100 - (184 + -85))?
2
25 + 1 + 4 + 5 + -22 + 27
40
What is (44 - (25 + -2)) + -1 - (-18 - 0)?
38
What is the value of 1709 - 1687 - ((2 - 1) + 8)?
13
What is 1 + 9 - (-44 + 79 + -83)?
58
6 - 44 - (-350 + 311)
1
-3 + 8 + -4 - (-34 - -22) - 50
-37
What is (-2 - -10) + -140 + 16 + 8 - (-6 + -4)?
-98
Evaluate (-9 - ((-7 - (-8 - -7)) + 3)) + (29 - -11).
34
Evaluate 27 - 1 - ((-121 - -77) + 55) - 84.
-69
Calculate 10 + (-48 - (-17 + 25)).
-46
Evaluate -69 - (-39 - (9 - 24)).
-45
Calculate -70 + 67 - (0 + -6 + (5 - 3) + -3).
4
16 - (11 + 11) - (-34 - 1 - (10 - 14))
25
What is the value of 8 + 8 + (-29 - -1 - -32)?
20
What is the value of -5 - -8 - (51 - (-34 + 66))?
-16
Evaluate 20 - (-2 - -4) - ((-26 - 1) + (-1059 - -1083)).
21
What is 23 - (40 + -72 + 46)?
9
What is 39 + -56 - (-92 + 30)?
45
Calculate (-1 - -92) + -6 + (-7 - (4 + -8 + -13)).
95
Evaluate 35 + 0 + (15 + -6 - 40) + (41 - 16).
29
What is 32 + (-75 - -85) + -3 + -7?
32
What is the value of 5 + (9 - 11) + 11 - (2 - (-3 + -16))?
-7
Evaluate -928 + 1015 - (-1 + 40 - 9).
57
Evaluate 1 + 85 + (56 - ((69 - -9) + -29)).
93
-2 + -61 - (1635 - 1662)
-36
Calculate -106 - (12 + 11 + -29).
-100
Calculate 5 - ((19 + -3 + -8 - 9) + 1).
5
Calculate (-4 - (-73 + 43)) + 22.
48
(0 - 1) + -6 + 16 + -19 + -16 - 10
-36
-6 + (-12 - 32) + 10
-40
Evaluate 0 - ((0 - -20) + (38 - (9 - -35))).
-14
12 - ((-56 - -5) + 78)
-15
15 + -31 + 50 + -2
32
Evaluate (5 - -1) + (-14 + (10 - 13 - 0) - -4).
-7
What is 90 + (-159 - -42) + -70 + 0?
-97
What is 143 - (-9 - -208) - 11?
-67
28 - ((0 + 1 - -1) + 6 - (11 + -4))
27
-26 + 0 - ((30 - 101) + 71)
-26
Calculate (183 - 194) + 17 + 41.
47
Calculate 35 + 1 - 0 - (18 + -111 + 94).
35
Evaluate 16 + 7 + 15 + 4 + -35 - 23.
-16
Evaluate (-265 - -248) + (4 - (52 + -1)).
-64
28 + (8 - 3) + (-9 - -5) + -75 + 80
34
Evaluate 5 + -10 + 14 - ((-8 - -13 - 7) + -1).
12
9 - 33 - (-52 + 14 - (-5 - 11))
-2
What is the value of (-107 - 20) + 115 + -102?
-114
What is the value of 26 + (-8 - -4) - (-68 + 43 + 10)?
37
Evaluate -118 + (-7 - -128) - 96.
-93
Calculate 29 - (22 + -10) - (-65 - -64).
18
(-45 + 7 - -69) + -39
-8
What is the value of 317 + -326 - (0 - (1 + (3 - 6 - -12)))?
1
Evaluate -2 + -1 - -3 - -26 - (26 - 23).
23
-24 - -71 - 60 - -3 - 97
-107
What is -56 + (-9 - (-31 + 27)) - -15?
-46
-75 - (-55 + 34 + 4 - 5)
-53
Evaluate 1 + -2 - (5 - (-41 + -20)).
-67
Evaluate -110 - (-437 - -423 - (-3 - 14)).
-113
0 - (54 + -58 + 15 + 0 + (10 - 7))
-14
83 + -197 + 42 + 112
40
-32 + -13 + (44 - (0 + 20)) + -7
-28
(-2 - -12) + (-16 + 1 - (41 + 48 + -59))
-35
Evaluate -1 + (-8 - -27 - (3 + 8)) - (4 - -51).
-48
(1 - 6) + -82 + 51 + 118
82
(31 - (66 + -18)) + (-1 - 7)
-25
Evaluate -8 + 8 + (-27 - (-9 - 21)).
3
What is the value of 25 - (-21 - (15 - 35)) - -3?
29
Calculate 1186 - 1166 - (1 - 21).
40
What is the value of -1 + 25 + (65 + 63 - 107)?
45
Calculate -2 + -1 - 1 - ((-49 - -86) + -48).
7
Calculate -18 + (51 - 4 - (12 + 6)).
11
Calculate 0 - 29 - (-105 + (14 - 4)).
66
26 - (-16 - (-85 - -45))
2
-665 + 550 + (-1 - -18) + 31
-67
Calculate -53 + (-20 - -34) + 51.
12
Calculate -14 - (17 - (6 - (1 - -6 - 11))).
-21
Evaluate 19 + 1 - (103 + -4 + -6 + -14).
-59
(7 - (33 + -45)) + 5 + 72
96
Calculate -124 + 75 + (71 - 12) - (68 + 1).
-59
Evaluate -25 + (-7 + 4 + -6 + -2 - 0) + 7.
-29
What is the value of 171 + -138 + -44 - (1 + (-24 - 0))?
12
Calculate (5 - 11) + 66 - (-179 - -159).
80
What is the value of 12 - (26 + -4 + 33) - (-14 - -4)?
-33
Evaluate 414 + -387 - (0 + 92).
-65
Evaluate -152 + -17 + 16 + (173 - 142).
-122
Evaluate 4 - (2 + 15) - ((24 - 10) + -33 + 12).
-6
Evaluate 13 - (-5 + (4 - 9) + 7) - -4.
20
What is the value of 0 + 14 + (-42 - -14) + 6 + 8?
0
What is -61 + (28 + (-11 - 21) - -23)?
-42
What is -5 + 18 - (-5 + (-9 - (-2 - 0)))?
25
Calculate -51 + 54 + (0 - 1) + (-11 - -22).
13
What is 87 - (-90 + 113 + 40)?
24
What is -96 - (-2 - (-8 + 3)) - (-272 - -273)?
-100
61 - (-3 - 9 - (-16 - (15 + -4)))
46
What is the value of -2 + 4 + 1 + (-30 - (13 - (12 - 6)))?
-34
What is the value of 36 + (-94 - -155 - 137)?
-40
Calculate 7 - (48 + (1 + 9 - (48 + -38))).
-41
What is the value of -2 + 4 + -2 + -146 + 163 + -56?
-39
-56 - (-45 - -81 - 8)
-84
Evaluate -1 - (-133 + 142 - (1 - (4 - 1))) - -66.
54
What is the value of 10 - (-51 + -22 + 29 + -27)?
81
Evaluate -7 + 5 + -12 + 13 + -12 + 6 + 1.
-6
(58 - (-81 + 68)) + -171
-100
Calculate -3287 + 3176 - (-233 + 3).
119
Calculate 4 + -92 + (-1185 - -1316).
43
Calculate (10 + 0 - 12) + 19 + -4 + 10.
23
What is the value of (-56 - -14 - -55) + -45?
-32
73 + 30 + -158 + 22
-33
What is -6 + (9 + 8 - 26 - -4) + 10?
-1
Evaluate (6 - 1) + (9 - (28 + -9) - -24).
19
Calculate 94 + -110 + 1 + 6 + -1.
-10
Evaluate 1 + 2 - (-3 - -15) - (-135 - -138) - 21.
-33
Evaluate -16 - (-6 - ((14 - 15) + -15)) - 3.
-29
Calculate 22 + (2 - 55) + (-165 - -125).
-71
What is the value of 18 + -4 + -12 + 15 + -15 + -9?
-7
What is 33 - (-48 + (10 - -21))?
50
Calculate 1 + 4 + (109 - 19) + -41.
54
What is the value of 107 + 73 + -110 - (8 + 0)?
62
What is (1 - -2) + (2 - 4) + (-7179 - -7252)?
74
Calculate -24 - -25 - (4 - (-5 - -17)) - (-11 + -5).
25
(12 - -58) + 11 - (100 + -81)
62
Evaluate (45 - 0) + 4373 + -4356.
62
Evaluate -38 + (7 - -22) + -19.
-28
-1 + (5 + -58 - -20 - -7) - 14
-41
What is the value of (-4 - (1 + (-20 - -23))) + 49 + 5?
46
-17 - (-8 + 35 + (-5 - 13)) - (-2 + 1)
-25
Calculate (0 - 35) + (-107 - (-233 - -115)).
-24
Calculate -11 + (-30 + 21 - -12) + (5 - 1 - 39).
-43
-7 - (-22 - (15 - 46) - (12 + 1))
-3
Evaluate 1 + -30 - (543 - 613) - 15.
26
What is the value of (-57 - -58 - -40) + -58?
-17
Evaluate 53 + 36 + -2 + -80.
7
What is 1 - -27 - (329 - (113 - -69))?
-119
Evaluate (31 - (2 + 1)) + -1 - (-71 - -72).
26
What is the value of (58 - 20) + -29 + -64?
-55
What is the value of -16 - (-1 - 3) - (2 + (30 - 30) + 14)?
-28
What is 6 - -5 - -13 - (-157 + 140)?
41
Evaluate 61 - (0 + -36 + 21) - (0 - (-2 - -6)).
80
20 + (28 - (-21 + 24)) + -3
42
Calculate 22 + -10 + 3 + (-107 - -103).
11
Calculate (-1 + (16 - 7) - 16) + 15 + -4 + -57.
-54
Evaluate -71 - (-37 + -107 + 51).
22
What is -28 + (31 - 73 - 20) + 23?
-67
What is (-2 - -15) + -2 - 29 - -18 - -22?
22
Calculate 1804 - 1742 - (-6 + 33).
35
What is 84 + 37 + -153 - -174?
142
-84 + (174 - 174 - (-6 + 0) - 26)
-104
Evaluate -3 + 10 - (-22 - (-15 - 12) - -4).
-2
Calculate -1 + -18 - (566 - 542).
-43
What is the value of 187 - 100 - (-4 + 31) - (13 + 1)?
46
Calculate -181 + 105 + (-2 - -70).
-8
Calculate -44 - ((2 + -25 - -2) + 12).
-35
94 - (60 - (68 - 190))
-88
Calculate -12 - -38 - (-2 + 16 - (40 - 20)).
32
What is the value of -17 + 21 + (2 - -3) - (14 - (-1 - 2))?
-8
What is 76 - 13 - (-37 - -41 - (-8 + -1))?
50
Evaluate -78 + 194 + -117 - -2.
1
-97 + 94 + (-1 - -16 - 2) - -12
22
What is the value of (-11 - (2 - 2)) + -96 + (-93 - -197)?
-3
Evaluate (-9 + -32 - -28) + 64.
51
What is the value of 36 - ((9 - 0 - -3) + -17 - (7 - 3))?
45
1208 + -1185 + (-71 - (3 + -3))
-48
What is -2 + 19 + ((28 - 22) + 111 - 18)?
116
Evaluate -2 + 0 + -126 + (191 - 109).
-46
What is the value of -24 + -9 - 44 - -52?
-25
(0 - 2) + -5 + -9 + -7 + -19 + -2
-44
What is (-2 - (0 + 15 + (4 - 18))) + -7?
-10
What is the value of (-13 - -39) + 32 + 10 + 3 + 0?
71
What is 57 - (30 + (95 - 66))?
-2
(56 - (-10 - -58 - -5)) + (-2 - -3) + 10
14
What is the value of 64 + (-189 - (3 + -76))?
-52
What is the value of 55 + (-17 - (-13 + 82))?
-31
What is the value of -70 + 14 + -27 + 11 + 1?
-71
Evaluate 25 + (